7. Let m be x(-16). Calculate the remainder when 10 is divided by (1 - -4 - m) + 1*7.
0
Let a be (-1)/(-1 - 24/(-28)). Suppose -k = -4*t + a, 0 = 5*k + t + t - 53. Suppose 5*w - k*w = -308. Calculate the remainder when w is divided by 20.
17
Suppose 5*u + 5 = 3*c, 0*u + 5*c = -u + 27. Suppose 72 = 7*m + u. What is the remainder when 38 is divided by m?
8
Let b = 83 + -51. Calculate the remainder when b is divided by 11.
10
What is the remainder when 576/10 + (2 - (-39)/(-15)) is divided by 6*1/(-5)*-10?
9
Let i(l) = l**3 + 4*l**2 - 5*l - 4. What is the remainder when 75 is divided by i(-4)?
11
Let t = 13 - 4. Suppose -t*i = -14*i + 10. Suppose 5*g - 44 = 4*z, 26 + i = 4*g + 4*z. What is the remainder when 30 is divided by g?
6
What is the remainder when 51 is divided by (-8*1)/(-19 + 18)?
3
Let i(y) = 14*y + 7. Let b be (-6)/(-9)*(-18)/(-3). Let p be i(b). Let d = -26 + p. Calculate the remainder when d is divided by 10.
7
Let n(x) = x**3 - 3. Let y be n(0). Let z be y + 30 + -2 + -1. What is the remainder when 63 is divided by 6/(3/z*3)?
15
Suppose b + 5*j = 288 + 38, -j = -4*b + 1346. What is the remainder when b is divided by 19?
13
Suppose 0 = -33*s + 2007 + 6. What is the remainder when s is divided by 33?
28
Let f(v) = 3*v**2 + 36*v + 19. Let b = 16 + 18. Calculate the remainder when b is divided by f(-12).
15
Let c(n) = 72*n - 24. Calculate the remainder when (-1 - -4)*(-191)/(-3) is divided by c(1).
47
Let m(y) = y + 23. Suppose -5*a + 1 = 2*o, -o = -4*a + 2*a - 5. Let w(v) = 2*v**2 + 5*v - 2. Calculate the remainder when w(o) is divided by m(-7).
15
Let c(p) = p**2 + p + 2. Let f be c(0). Let v(r) = 0*r**2 + 25 - r**f - r + 0*r**2 + 3. Calculate the remainder when 51 is divided by v(0).
23
Let q(w) = 4*w - 13. What is the remainder when 69 is divided by q(7)?
9
Let n(d) = -2*d + 298. Calculate the remainder when n(64) is divided by 35.
30
Suppose 3*g - 414 = -3*g. Suppose -9*z - 28 = -11*z. What is the remainder when g is divided by z?
13
Let s = 131 - 127. Suppose -s*v = -126 - 130. Calculate the remainder when v is divided by 14.
8
Let d = -2066 + 2903. Calculate the remainder when d is divided by 20.
17
Calculate the remainder when 5761*16/784 + 6/14 is divided by 30.
28
What is the remainder when (-1)/(12012/(-1500) - -8) is divided by 31?
1
Let l = -107 + 230. Calculate the remainder when l is divided by (-28 - 3)/((-2)/2).
30
Let i(t) = -t**3 - 17*t**2 - 36*t - 35. Calculate the remainder when 162 is divided by i(-15).
52
Let f(w) = 4 - 3*w**2 + 2*w**2 - 7 + 9. Calculate the remainder when 18 is divided by f(2).
0
Suppose 123 - 3 = -2*o. Calculate the remainder when 117 is divided by (4/4)/((-4)/o).
12
Let j(x) = -4 + 2*x + 3 - x + 3*x**3 + 4*x**2. Suppose 7*g - 9*g + 1 = w, 8 = 2*w - 2*g. What is the remainder when j(w) is divided by 30?
29
Suppose -885*m = -894*m + 4293. What is the remainder when m is divided by 97?
89
Let v(y) = 9*y**2 - 10*y + 127. What is the remainder when v(8) is divided by 90?
83
Suppose 157 = 11*c - 184. Calculate the remainder when 35 is divided by c.
4
Let i(p) = -p**3 + 2*p**2 + 5*p - 4. Let v be i(3). Let q(o) = o + 3. Suppose -4*l = -6*l + 28. What is the remainder when l is divided by q(v)?
4
Let n(x) = x**2 + 10*x - 3. Let b be n(-8). Let w = b + 17. What is the remainder when 27 is divided by (-14)/(1/(w/4))?
6
What is the remainder when ((-26502)/10)/(-21) + 8/10 is divided by 27?
19
Suppose -6*w + 1060 = -2*w. Let f = 21 - w. What is the remainder when (f/6)/((-16)/24) is divided by 31?
30
Suppose -4*y + 13 = 2*o - 11, -y = 2*o. What is the remainder when y is divided by 7?
1
Suppose f + 2 = -5*a, 6*a = -5*f + 3*a + 12. Suppose -5*v - 5*j = -9*v + 106, -f*j - 102 = -4*v. Calculate the remainder when 142 is divided by v.
22
Let r be (9/(-18))/((-2)/8). Suppose 4 = r*a - 20. What is the remainder when 21 is divided by a?
9
Suppose 0 = -2*d + 79 + 25. Let k = d + -23. Calculate the remainder when 55 is divided by k.
26
Let p be 393/18 + (-1)/(-6). Suppose -3*z = z + 4*q - 52, 4*q - p = -z. Calculate the remainder when 30 is divided by z.
0
Let y(c) = -c**2 - 2*c - 2 - 1 + 3*c**2 + c**2. What is the remainder when (1/(-2))/(1/(-106)) is divided by y(3)?
17
Let c(j) = j**2 + 21*j + 138. Calculate the remainder when c(0) is divided by 60.
18
Suppose 0*l + 4*l - 72 = 0. Suppose h + 3 = -2*z + 9, -2*z = -5*h - l. Calculate the remainder when 15 is divided by z.
3
Let f(d) = -d**2 + 23*d + 313. Calculate the remainder when f(29) is divided by 26.
9
Let u(j) = j**3 - j**2 + 3*j + 9. Suppose 4*b = -1 - 11, 0 = -o - 5*b + 78. Calculate the remainder when o is divided by u(2).
17
Let l(i) = -37*i - 7. What is the remainder when l(-5) is divided by 68?
42
Let x = -89 - -83. Let m = x - -68. What is the remainder when m is divided by 13?
10
Let u(b) = 2*b**2 + 3*b + 8. Let t be u(-5). Let d = t - 20. Suppose v + v = 26. What is the remainder when d is divided by v?
10
Suppose 0*a = -2*a + 2. Let z be ((1 - a)/(-4))/(-3). Suppose z = -3*v, -4*g + 16 = 6*v - 2*v. What is the remainder when 6 is divided by g?
2
Let f be (1/3)/(2/72). What is the remainder when 28 is divided by (f/10)/(21/(-70)) - -19?
13
Let u = -563 - -777. What is the remainder when u is divided by 31?
28
Let t(h) = h**2 - 7. Let v = 30 + 0. Suppose 3*y + v = 8*y. Calculate the remainder when 86 is divided by t(y).
28
Suppose -23 - 3 = -2*f. Suppose 28 = 23*k - 64. What is the remainder when f is divided by k?
1
Suppose -320 - 55 = 3*m. Let a be m/(-45) - 2/(-9). Suppose -2*i = a*i - 110. What is the remainder when 63 is divided by i?
19
Let k = -39 + 114. Calculate the remainder when k is divided by (-1 - (-1 + -3)) + 17.
15
Let a be 447/(-2)*(-36)/27. Suppose 0 = 3*s + n - 210, 5*n = -5*s + 52 + a. What is the remainder when s is divided by 18?
16
Let s(z) = 7*z**2 - 14*z + 2. What is the remainder when s(-3) is divided by 28?
23
Let a = 19 + 1. Suppose 0 = -3*j + 4*r + 100, 25 + 79 = 3*j - 5*r. Suppose -g = -85 + j. What is the remainder when g is divided by a?
17
What is the remainder when 31 is divided by -2 - 4 - -1*23?
14
Let a = 10 - -7. Let z(w) = w + 3. Calculate the remainder when a is divided by z(7).
7
Suppose 0 = -16*c + 12*c + 12. Let f(t) = -t**2 - 11*t - 8. What is the remainder when f(-9) is divided by (3/(-4))/(c/(-12))?
1
Let q(t) = 2*t**2 - t - 5. Let w(c) = 9*c - 12. Let j be w(6). Let u = 109 - j. Calculate the remainder when u is divided by q(4).
21
Suppose -5*q + 16 = -2*g - 44, -2*q + 40 = -4*g. Suppose 2*h = -4, -3*i + h = 2*h - 31. Suppose -i = -4*w + 13. What is the remainder when q is divided by w?
4
Let r = 537 + -515. Calculate the remainder when 57 is divided by r.
13
Suppose -15*l = 11 - 56. Suppose -l*u + 26 = -28. Calculate the remainder when 33 is divided by u.
15
Let j = -253 + 285. What is the remainder when j is divided by 11?
10
What is the remainder when 262 is divided by (3/(-24)*22)/(5/(-60))?
31
Let r(f) = f**2 + 7 - 1 - 3. Let j = 322 - 322. Calculate the remainder when 14 is divided by r(j).
2
Let r = -16 + 22. Suppose 9*s - r*s = 27. Calculate the remainder when 16 is divided by s.
7
Let w = -20 - -35. Calculate the remainder when 53 is divided by w.
8
What is the remainder when 904 is divided by (-27)/18*(-560)/12?
64
Let s be (4 + -3 - 3) + 8 + -2. Suppose 5*t + 2*d = -0*d + 66, d = -s*t + 54. What is the remainder when 23 is divided by t?
9
Let b be 14/6 + 2/3. Suppose 0 = -18*w + 23*w - 95. Suppose -b*o = -20 - w. Calculate the remainder when 37 is divided by o.
11
Let p(t) = t - 5. Let z be p(-7). Let a(f) = f**3 - 17*f**2 + 15*f + 8. Let j be a(16). Calculate the remainder when (j/z)/(2/87) is divided by 15.
14
Let k(v) = -53*v**3 + 2*v**2 + 2*v + 1. Calculate the remainder when k(-1) is divided by 4.
2
Let x = 55 + 1. Let f be (-160)/(-28) + (-4)/(-14). What is the remainder when x is divided by 114/4*f/9?
18
Let a = -6 - -11. Suppose r - 100 = -a*f, -2*f - 5*r = -f + 4. Suppose -2*u + 14 = 4, 5*u - 3 = 2*y. Calculate the remainder when f is divided by y.
10
Let f = 18 - 9. Suppose 0 = -5*n + 73 + 42. Calculate the remainder when n is divided by f.
5
Let f = -243 + 435. Calculate the remainder when f is divided by 18.
12
Suppose -3*a + 67 = -0*a - i, 2*a + i = 38. What is the remain